 -5*c, 5*c - 3*l - 40 = 0. What is the units digit of c?
1
Suppose 0 = -h + 5*c - 19, 2*h = 3*h - 4*c + 15. What is the units digit of 1 - (-12)/(3 - h)?
7
Suppose -y - 4 = -l, 0 = -3*y - y + 2*l - 14. Let b(s) = s**3 + 3*s**2 - 3*s. What is the units digit of b(y)?
9
Suppose n + y - 27 = 41, 5*n - 5*y - 330 = 0. What is the units digit of n?
7
Let q(p) = 3*p + 1. Let y be q(-7). Let b = y + 33. What is the tens digit of b?
1
What is the units digit of ((-15)/25)/(1/5)*-62?
6
Let m = 4 + 0. What is the units digit of m?
4
Let q = -9 + 12. What is the units digit of q?
3
Suppose -3*s = 3*q, 3*s + s = q. Suppose q = -2*b - 8. What is the units digit of 2/b - (-51)/6?
8
Let s be (-4)/(-8)*0/2. Let z = 1 - s. What is the units digit of z + (-4)/(-2) + -1?
2
Let x be (3/(-1))/(5/10). What is the units digit of -27*((-16)/x + -3)?
9
Suppose -12 = -0*r + 4*r. Let i be (r - -1) + 2*-20. What is the units digit of i/(-3) + (-1 - 1)?
2
Suppose -k + 11 = 2*k - g, -5*g - 25 = 0. Let u be (24/18)/(k/6). Suppose 2*z - u*v = 30, -10 = -0*z + z + 3*v. What is the units digit of z?
5
Suppose k = -0*k + 10. Let b = k + -1. What is the units digit of b?
9
Let m(p) = -p**3 + 18*p**2 + 21*p + 6. What is the units digit of m(19)?
4
Suppose -7*r + 3*r + 1 = 3*h, -r = h. Suppose 5*d = 2*k - 33, -r = d + 4. What is the units digit of k?
4
Suppose 32 = -3*h + 5*h. Suppose 3*r = 4*r - h. What is the units digit of r?
6
Let n(f) = 7*f - 1. What is the units digit of n(7)?
8
Suppose 0 = -a + 6*a - 130. What is the tens digit of a?
2
Suppose 0 = -45*u + 43*u + 516. What is the tens digit of u?
5
Suppose -42 = 2*x - 4*x. What is the units digit of x?
1
Let a = -15 + 11. Let y = 6 + a. What is the units digit of (-2)/y + (8 - 3)?
4
What is the units digit of (1 - -43)*(-4)/(-8)?
2
Let s(h) = h**3 - h**2. Let j be s(2). Suppose -j = 4*z - 3*i + 44, -15 = 3*z + 3*i. What is the units digit of -1 - (z - (2 - 1))?
9
Suppose 0*r - 5 = -r. Let n = r - 6. What is the units digit of (-36)/(-8)*(3 + n)?
9
What is the units digit of 15 + (-19)/7 + (-4)/14?
2
Suppose 2*m + 30 = -m. What is the tens digit of ((-15)/m)/((-3)/(-32))?
1
Suppose -5*b + 15 = 4*f, -3*f = 2*b - 2*f - 3. What is the units digit of -2*(1/2)/b?
1
Let l = -6 - -16. Suppose -5*a + l*a - 75 = 0. What is the tens digit of a?
1
Let s(d) = 8*d**2 + 2 + 2*d - 9*d**2 + 4*d. What is the units digit of s(5)?
7
Let k(p) = p**3 - 3*p**2 - 3*p + 6. What is the units digit of k(4)?
0
Suppose 4*n - 7*n - 15 = 0. Let x = 19 + n. What is the tens digit of x?
1
Let l(u) = -u + 2. Suppose 10 = 2*n + 3*t, -5*t - 1 = -4*n + 19. Let h be l(n). Let z(f) = -f**3 - 2*f**2 + 3*f + 1. What is the units digit of z(h)?
1
Suppose 53 = 2*n - 119. What is the units digit of n?
6
Let m(o) = o**3 - 5*o**2 + 4*o - 1. Let y be m(4). Let f = 0 - y. Suppose -n + 0*n + f = 0. What is the units digit of n?
1
Let r(g) = -3*g + 2. Let p(c) = 0*c + 4*c - 51 + 48. Let h(m) = -2*p(m) - 3*r(m). What is the units digit of h(2)?
2
Let b be 13 + 0 + (0 - -2). Let m = -7 + b. What is the units digit of m?
8
Let j(v) be the third derivative of v**5/60 + v**4/24 - v**3 + v**2. Let a(i) = i - 1. Let u(x) = 5*a(x) + j(x). What is the units digit of u(-9)?
6
Let s(r) = -27*r + 21. What is the tens digit of s(-10)?
9
Let d = -50 + 80. What is the units digit of d?
0
Suppose -5*g + 29 = 4*m, -2 = -g - 1. Suppose i + 3*t + m = t, -3*i = 4*t + 10. What is the units digit of i?
2
Let s(d) = -d**3 - d**2 + d. Let g be s(-2). Suppose 3*u = u - g. What is the units digit of u/(-4) - 54/(-8)?
7
Suppose -o = r - 5*o - 89, -5*o + 15 = 0. What is the units digit of r?
1
Suppose -u - 5*k - 16 = 0, -k + 4 = -4*u + 3. Let m = u + -40. Let i = -23 - m. What is the tens digit of i?
1
Let i be 6 + (-3 - -2) + 0. Let z = 18 + i. What is the tens digit of z?
2
Suppose 5*d - 11*d = -888. Suppose o = 3*l - d, 4*l - 176 = -o - 3*o. What is the units digit of l?
8
Let w = 7 - 5. What is the units digit of w?
2
Let t = 6 + -2. Let f(p) = 2*p**2 + 5*p + 3. Let b be f(-5). Suppose -4*n + 25 = 5*l - 27, -2*l - t*n = -b. What is the units digit of l?
8
Let a be (7 + (-1 - 1))*1. Suppose a*y - 16 = 29. What is the units digit of (-4)/(-18) - (-25)/y?
3
Suppose 5*l - 8*m + 3*m = 130, -2*l + 3*m + 51 = 0. What is the tens digit of l?
2
Let l(s) = -s**2 - s + 2. Let p be l(0). Suppose 5*x + p = 182. What is the tens digit of x?
3
Suppose 2*z - 2*j = 4*z + 160, -5*z = -4*j + 400. Let c be (z/(-28))/((-4)/(-14)). Suppose 35 = 5*l + c. What is the units digit of l?
5
Let q(z) = -z**2 + 6*z - 4. What is the units digit of q(5)?
1
Let q = 0 + 6. Let f be (9/q)/(2/4). Suppose 2 = a + 1, -f = j - 4*a. What is the units digit of j?
1
Let m(g) = g**3 - 6*g**2 - 5*g - 10. Let w be m(7). Let u be (w/(-8))/(1/(-46)). Suppose -5*f + d = -15, -2*f - d + u = 2*d. What is the units digit of f?
4
Let d be 4/(2 + (-6)/4). Suppose -63 = -4*j - d*z + 3*z, 0 = 5*j - 5*z - 90. What is the units digit of j?
7
Let g = -13 - -24. What is the tens digit of g?
1
Let a be (-6)/10 - (-114)/15. Let m(w) = -w**3 + 7*w**2 + w + 7. What is the units digit of m(a)?
4
Suppose -4*q = 3*f + q - 247, -2*f = 5*q - 163. What is the tens digit of f?
8
Let k(o) = -o**2 + 3*o - 2. Let d be k(3). Let u be 1/1*(-2 - d). Suppose u = 4*m - 34 + 10. What is the units digit of m?
6
Suppose 13*n - 8*n = 1055. What is the units digit of n?
1
Let z = 49 + -5. What is the tens digit of z?
4
Suppose 6 = -0*q - 2*q. Let p be (q + 1 + 1)*-1. What is the units digit of (2 + p)/((-6)/(-8))?
4
Let a be (2/(-6))/(3/18). Let y = a - -3. Suppose 3*o = 2 + y. What is the units digit of o?
1
Suppose 6*z = 8*z - 38. What is the tens digit of z?
1
Let c = -13 - -25. Let y(z) = 5*z**3 - z**2. Let w be y(-1). Let h = c + w. What is the units digit of h?
6
Suppose 5*q - 273 = -3*n, 3*q - q - 3*n = 126. What is the tens digit of q?
5
Let c be -2 - 11/(-2)*2. Let f(o) be the first derivative of o**3/3 - 9*o**2/2 + 8*o + 3. What is the units digit of f(c)?
8
Suppose -5 - 5 = 5*o. Let b be -2 - -2 - o - 2. Let k = b - -11. What is the units digit of k?
1
Let v be (-4)/(-18) + (-112)/18. Let o = v + 9. What is the units digit of o/((-4)/(-2) - 1)?
3
Let p(z) = -2*z**2 - 2*z. Let i be p(-2). What is the units digit of (2/i)/((-3)/132)?
2
Let w(d) = -9*d - 8. What is the units digit of w(-6)?
6
Let f(x) = 3*x - 9. Suppose 0 = 3*z - 2*r - 15 - 26, -2*r + 47 = 5*z. Let i be f(z). Let w = -16 + i. What is the units digit of w?
8
Let r(j) = -j**3 + 9*j**2 + j - 8. Let i be r(9). Let z be 0/(i + -2) - 10. Let h = -8 - z. What is the units digit of h?
2
Let d = 42 - 60. Let h = 6 - 4. What is the units digit of (-84)/d + h/(-3)?
4
Let z(n) = 57*n**3. Let d be z(1). Let c = -32 + d. What is the tens digit of c?
2
Suppose p = 3*v + 56, 0 = -3*p - 5*v + 52 + 60. Suppose -k = -g + 50, -p = -g + k - 6*k. What is the tens digit of g?
4
Let a be (0 + 0)*(-2)/4. Suppose 2*v - 4*f = 56, a*v + 4*f = v - 36. What is the tens digit of v?
2
Let g = 10 - 6. Suppose z = -z + g. What is the units digit of z?
2
Let m(c) = -c**2 + 12*c + 6. Let t be m(12). What is the tens digit of 24/(2 - 9/t)?
4
Suppose -3*o + 81 = -0*o. Suppose -o = -4*x + 3*x. Suppose l = -2*l + x. What is the units digit of l?
9
Suppose 0*b = 4*r + 2*b + 6, r + 2*b + 6 = 0. Let s(k) = k**2 + k + 6. What is the units digit of s(r)?
6
Let b(s) = -s + 1. Let i be b(-4). Suppose -i*o = -l - 4, 5*l - o = -3*o + 61. What is the units digit of l?
1
Let u(q) be the second derivative of -q**3/6 - 7*q**2/2 - 2*q. Let c be u(-10). Let h(a) = a**3 - 4*a + 2. What is the units digit of h(c)?
7
Suppose -4*i = -9 - 15. Suppose 0 = -i*v + 2*v + 28. Suppose 2*f = 3*s - 15, 0 = 3*s - 2*f + v*f + 6. What is the units digit of s?
3
Let w = -1 + 8. What is the units digit of w?
7
Suppose k - 3*o = 24, 0 = k - 0*k - 2*o - 29. What is the units digit of k?
9
Suppose -4*o + 5*d - 5 = 0, 0*o - d = -2*o + 5. Suppose -q = -5*h - 31, o*q + 2*h = -0*h + 47. What is the units digit of q?
1
Let i(j) = -4*j - 3. Let l be i(8). Let a be l/(-15) + (-4)/(-6). Suppose 2*x + 2*x = -a*o + 33, 2*x = -2*o + 18. What is the units digit of x?
6
Suppose -8 - 13 = -3*i. What is the units digit of 31/i - (-6)/(-14)?
4
Suppose 2220 = 9*i + 6*i. What is the units dig